What is the remainder when 30237 is divided by 112?
109
Calculate the remainder when 175809210 is divided by 23.
16
What is the remainder when 93176 is divided by 23216?
312
Calculate the remainder when 13268957 is divided by 173.
30
Calculate the remainder when 2000050 is divided by 1056.
1042
What is the remainder when 89948 is divided by 5427?
3116
Calculate the remainder when 488568 is divided by 91.
80
What is the remainder when 503519 is divided by 9221?
5585
Calculate the remainder when 282127343 is divided by 94042447.
2
Calculate the remainder when 223671 is divided by 27901.
463
Calculate the remainder when 1193216 is divided by 1193214.
2
What is the remainder when 19928937 is divided by 37?
34
Calculate the remainder when 12679830 is divided by 40.
30
Calculate the remainder when 74574010 is divided by 38.
36
What is the remainder when 35215 is divided by 58?
9
Calculate the remainder when 1848 is divided by 813.
222
What is the remainder when 89298483 is divided by 1504?
1491
What is the remainder when 127464 is divided by 127113?
351
What is the remainder when 10325922 is divided by 272?
258
What is the remainder when 11946546 is divided by 22001?
3
Calculate the remainder when 4989 is divided by 184.
21
What is the remainder when 530659 is divided by 7167?
301
Calculate the remainder when 1457563 is divided by 104111.
9
Calculate the remainder when 152935 is divided by 38233.
3
What is the remainder when 5757253 is divided by 408?
373
What is the remainder when 160278 is divided by 45?
33
What is the remainder when 71327 is divided by 2193?
1151
Calculate the remainder when 676595 is divided by 1033.
1013
What is the remainder when 89972210 is divided by 74542?
16
What is the remainder when 8602341 is divided by 2878?
2877
Calculate the remainder when 67030821 is divided by 540571.
17
What is the remainder when 2214140 is divided by 1107051?
38
What is the remainder when 79866 is divided by 554?
90
Calculate the remainder when 558091 is divided by 745.
86
What is the remainder when 6293469 is divided by 7168?
7133
Calculate the remainder when 40930103 is divided by 129117.
14
Calculate the remainder when 614217 is divided by 8537.
8090
What is the remainder when 7937386 is divided by 179?
168
Calculate the remainder when 5109461 is divided by 1278.
17
What is the remainder when 16693 is divided by 2751?
187
What is the remainder when 3418519 is divided by 677?
346
What is the remainder when 19404522 is divided by 5907?
27
Calculate the remainder when 42738 is divided by 10649.
142
Calculate the remainder when 42399103 is divided by 10.
3
What is the remainder when 444373 is divided by 125?
123
Calculate the remainder when 80000121 is divided by 152.
89
Calculate the remainder when 5996641 is divided by 116.
21
What is the remainder when 2024579 is divided by 65309?
0
Calculate the remainder when 61763 is divided by 19903.
2054
What is the remainder when 173163 is divided by 15739?
34
Calculate the remainder when 8381721 is divided by 2793886.
63
Calculate the remainder when 186194 is divided by 16421.
5563
Calculate the remainder when 144385 is divided by 1724.
1293
What is the remainder when 1487489 is divided by 6105?
3974
Calculate the remainder when 27855 is divided by 8662.
1869
Calculate the remainder when 7816631 is divided by 12368.
55
Calculate the remainder when 3548247 is divided by 381.
375
Calculate the remainder when 3843330 is divided by 1281087.
69
What is the remainder when 252088 is divided by 1475?
1338
What is the remainder when 3961176 is divided by 255?
6
What is the remainder when 174843 is divided by 10257?
474
Calculate the remainder when 263134 is divided by 262842.
292
Calculate the remainder when 6403355 is divided by 51.
50
Calculate the remainder when 34465422 is divided by 15504.
30
Calculate the remainder when 161118 is divided by 13408.
222
What is the remainder when 47800 is divided by 5018?
2638
Calculate the remainder when 115602570 is divided by 155.
5
What is the remainder when 29413 is divided by 1465?
113
What is the remainder when 9695366 is divided by 2036?
1970
What is the remainder when 45641 is divided by 3808?
3753
Calculate the remainder when 196453 is divided by 3704.
141
What is the remainder when 1556068 is divided by 37049?
10
Calculate the remainder when 4205262 is divided by 112.
110
What is the remainder when 1648372 is divided by 47?
35
What is the remainder when 86369510 is divided by 1851?
1850
What is the remainder when 99998 is divided by 5792?
1534
Calculate the remainder when 2461 is divided by 351.
4
What is the remainder when 1334494 is divided by 6706?
0
What is the remainder when 1075796477 is divided by 1936?
1933
What is the remainder when 646940 is divided by 646864?
76
What is the remainder when 851903 is divided by 35494?
47
Calculate the remainder when 11015745 is divided by 39.
0
What is the remainder when 28705579 is divided by 1103?
4
What is the remainder when 65455 is divided by 980?
775
What is the remainder when 8695997 is divided by 334?
307
What is the remainder when 1168393 is divided by 10526?
7
Calculate the remainder when 239495 is divided by 684.
95
What is the remainder when 1200135 is divided by 1039?
90
What is the remainder when 55835978 is divided by 18611989?
11
Calculate the remainder when 30241 is divided by 9742.
1015
What is the remainder when 715119414 is divided by 724?
722
Calculate the remainder when 876316 is divided by 1905.
16
Calculate the remainder when 59375 is divided by 5853.
845
What is the remainder when 2189938 is divided by 124?
98
What is the remainder when 28695162 is divided by 2736?
2730
Calculate the remainder when 3297930 is divided by 6531.
6306
What is the remainder when 17529245 is divided by 34?
1
Calculate the remainder when 7761 is divided by 7511.
250
What is the remainder when 313416 is divided by 156570?
276
What is the remainder when 5940416 is divided by 352?
64
What is the remainder when 120232 is divided by 132?
112
Calculate the remainder when 368418 is divided by 15955.
1453
What is the remainder when 5798993 is divided by 404?
381
Calculate the remainder when 650771 is divided by 650699.
72
Calculate the remainder when 634842 is divided by 5334.
96
What is the remainder when 29889173 is divided by 1671?
1667
Calculate the remainder when 1631376 is divided by 16.
0
What is the remainder when 216359 is divided by 5852?
5687
What is the remainder when 51137 is divided by 25290?
557
Calculate the remainder when 66389 is divided by 844.
557
Calculate the remainder when 47499 is divided by 758.
503
Calculate the remainder when 31778 is divided by 37.
32
What is the remainder when 12488330 is divided by 68?
62
What is the remainder when 469370 is divided by 57?
32
Calculate the remainder when 4410104 is divided by 1264.
8
What is the remainder when 66856 is divided by 11141?
10
Calculate the remainder when 163917 is divided by 8189.
137
Calculate the remainder when 30635 is divided by 1897.
283
What is the remainder when 316235342 is divided by 1241?
1240
Calculate the remainder when 2671277 is divided by 517.
455
Calculate the remainder when 74829 is divided by 9348.
45
What is the remainder when 659978 is divided by 16908?
566
What is the remainder when 598825 is divided by 15353?
58
What is the remainder when 2185910 is divided by 46?
36
Calculate the remainder when 954827 is divided by 564.
539
Calculate the remainder when 66744 is divided by 13313.
179
What is the remainder when 15822 is divided by 5203?
213
Calculate the remainder when 355809909 is divided by 459.
453
What is the remainder when 230857 is divided by 1059?
1054
Calculate the remainder when 269136 is divided by 160.
16
What is the remainder when 28506694 is divided by 12608?
6
Calculate the remainder when 14554179 is divided by 3808.
3
What is the remainder when 517647 is divided by 3428?
19
What is the remainder when 63176 is divided by 1964?
328
Calculate the remainder when 28533 is divided by 7868.
4929
What is the remainder when 16337899 is divided by 1547?
32
What is the remainder when 14658007 is divided by 14657755?
252
What is the remainder when 60620 is divided by 30093?
434
Calculate the remainder when 32912 is divided b